hat is the highest common divisor of 4087 and z?
67
Let b be (0/9)/(2 - 3). Suppose -2 - 225 = -3*t + 2*r, 5*t - 2*r - 381 = b. What is the greatest common divisor of t and 11?
11
Suppose 4*p + c - 19 = 0, 0 = 2*p - 4*c - 15 + 1. Suppose -5*f + 0 = -p. Let y be (-1075)/(-15) - f/(-3). Calculate the greatest common factor of y and 8.
8
Suppose -u - 6*u + 77 = 0. Suppose i = u*i - 690. Calculate the highest common divisor of i and 46.
23
Let q = 1613 - 1550. What is the highest common divisor of q and 441?
63
Let x be 4 - ((-6)/10 - (-90)/25). Let r be 4*-12*x*(-26)/6. Calculate the greatest common factor of 26 and r.
26
Suppose 18*u + 76 = 14*u. Let k = 33 + u. Let d = -2 + 100. Calculate the greatest common divisor of k and d.
14
Let u be 4/6*(7 - 1). Suppose u*f + f = 15. Calculate the highest common divisor of f and 33.
3
Let x be (((-3)/9*0)/1)/2. Suppose x = -4*d - h + 87, 0*h + 2 = -2*h. Let n = -8 + 19. Calculate the greatest common factor of n and d.
11
Suppose 19*n = 17*n + 5*i + 11, n = 2*i + 7. Calculate the greatest common divisor of n and 26.
13
Let n be (-63)/(-4) - (-2)/8. Let k be -6 + -4*(-135)/10. Calculate the highest common factor of n and k.
16
Suppose 39*g - 53548 = -10492. Calculate the highest common factor of g and 46.
46
Let c be (3 + 77/(-14))*4/(-5). Suppose -c*p + 178 = 4*a, 0*a - 2*a + 107 = -5*p. Calculate the highest common factor of a and 92.
46
Suppose -4*z + 9*z - 4*c = 49, z + 5*c = 4. Suppose r - z - 8 = 0. Suppose -5*o - 5*f = -3*o - 384, -2*f = -4. What is the highest common divisor of o and r?
17
Suppose 0 = 3*t + 3*t. Suppose 0*j + j - 12 = t. Calculate the highest common factor of 6 and j.
6
Suppose -c + 14 = 24*d - 23*d, 8 = -2*c. Calculate the highest common divisor of d and 3.
3
Let q be (-2 - 30)/(4 - 6). Suppose -4*v = -291 - 221. Calculate the greatest common divisor of q and v.
16
Suppose 0*s - 124852 = -91*s. What is the highest common divisor of s and 42?
14
Let c = -20408 - -20632. Suppose -t = -4*s + 2, 5*s = 3*t + 4*s - 38. What is the highest common factor of t and c?
14
Let w(r) be the third derivative of -r**5/60 - 3*r**4/8 + 11*r**3/3 + 4*r**2. Let x be w(-10). Calculate the greatest common divisor of 3 and x.
3
Let w(z) = -z**3 - 9*z**2 + 15*z + 4. Let h be w(-10). Let f = 109 + h. Calculate the highest common factor of 9 and f.
9
Suppose 2*y - 88 = -4*j, -3*y + 5*j + 160 = 2*y. Let p = y + 196. What is the greatest common factor of p and 29?
29
Let s be 39/5*945/81. Let m be -52*1*1/(-4). What is the greatest common divisor of m and s?
13
Suppose -10 = -2*d + 26. Let a(f) = 2*f + 23. Let l be a(-10). Suppose -l*o = -o - 18. What is the greatest common divisor of d and o?
9
Let d be (-4)/6 - (-80)/48. Let n be d/(1 + 40/(-45)). Calculate the greatest common factor of 9 and n.
9
Let x(v) = 0 - 3*v + 5*v**2 - 14 + v**3 - 3*v. Let s be x(-6). Let g = s + 15. What is the highest common divisor of 1 and g?
1
Let x = 48 + -40. Suppose -7 - x = -3*y. What is the highest common divisor of 40 and y?
5
Let s = -125 + 234. What is the greatest common divisor of s and 218?
109
Suppose -5*g - 4 = -g, 0 = a + 5*g - 16. Let j = a + -15. What is the highest common divisor of 4 and j?
2
Suppose -f + 12 = -2*f. Let q = f + 14. Let l be 45 + 1/(-1) + q. Calculate the highest common factor of 23 and l.
23
Suppose -25 - 23 = 4*t. Let v = -271 - -249. Let f = t - v. Calculate the highest common factor of f and 110.
10
Suppose 5*l = -5*q + 335, 0 = -l - 0*q + q + 63. Calculate the greatest common divisor of l and 15.
5
Let n be -120*((-308)/(-35) + -10). Calculate the greatest common divisor of n and 32.
16
Let t(j) = 6*j**2 - 18*j - 4. Let k be t(5). Calculate the highest common factor of 70 and k.
14
Let y be (-1*24/2)/((-6)/4). What is the highest common divisor of y and 36?
4
Let v be (2 - (-2 + -1)) + 0. Let b(x) = -x + 9. Let g be b(-9). Let m = g - 13. What is the greatest common divisor of v and m?
5
Let s be (-2 + 5)*573/9. Let l = s - 136. Calculate the highest common divisor of l and 5.
5
Let b be (-2)/(-18)*-3*(-1 - 20). What is the highest common divisor of 5 and b?
1
Let z = -24 - -36. Suppose 5*q - 225 = 3*f, -2*f = -5*q + 3*f + 225. Suppose 7*t - 39 = q. Calculate the greatest common divisor of t and z.
12
Let k = 554 - 378. What is the highest common divisor of 11 and k?
11
Suppose 40*o - 51*o = -5313. What is the highest common divisor of o and 23?
23
Let c be (-3)/((-357)/(-210) - 4/2). What is the highest common factor of 800 and c?
10
Let m = 3593 + -3584. Suppose l - 92 = 4*d, -3*l + 6*d = d - 241. What is the highest common divisor of m and l?
9
Let x(k) = 78*k**2 + k + 1. Let r be x(-1). Let m = -56 + r. Calculate the highest common divisor of m and 154.
22
Suppose -3*g - 75 = -l, 4*g - 165 = 5*l - 507. What is the greatest common factor of 33 and l?
33
Let x = -521 - -597. Calculate the greatest common divisor of 342 and x.
38
Suppose 2133 = 21*g + 663. Calculate the greatest common divisor of 350 and g.
70
Let c be (1 - (7 + -4))*(-37 + 0). What is the highest common factor of c and 185?
37
Let v(i) = -3*i**2 + 24*i - 8. Let b(u) = u**2 - 8*u + 3. Let h(j) = -17*b(j) - 6*v(j). Let x be h(9). Calculate the greatest common factor of x and 9.
3
Suppose 5*a = -2*r - 2*r - 197, 4*a - 65 = r. Let b(t) = t + 107. Let m be b(-4). Let x = r + m. What is the greatest common factor of x and 25?
25
Suppose d + 4 + 2 = 0. Let b(l) = -l**2 - 6*l - 6. Let t be b(d). Let u(f) = 2*f**2 + 4*f + 3. Let h be u(t). What is the greatest common factor of 34 and h?
17
Let f(g) = g**3 + 2*g**2 + 2*g - 105. Let d be f(0). Let u be (-1*3)/(5/d). Calculate the highest common factor of 9 and u.
9
Let y(p) = 9*p**2 - 1 + 9*p - 23*p**2 + 12*p**2. Let v be y(4). What is the highest common divisor of 6 and v?
3
Let p be (-1 - (-2)/6)/(424/(-10812)). Suppose -2*k = -5*k + 54. Let m be 1379/9 + (-4)/k. What is the greatest common factor of p and m?
17
Let p(s) = s + 9. Let b be 4/14 - (44/(-7))/(-1). Let a be p(b). Let k = 5 + -2. What is the highest common factor of k and a?
3
Let k = 27 + -12. Let b(d) = -d + 13. Let c be b(k). Let g be 2*(20 + (c - -2)). What is the highest common divisor of 10 and g?
10
Suppose 4*q - 260 + 92 = 0. Calculate the greatest common factor of 462 and q.
42
Let a be 147/28 - (-1)/(-4) - 0. Suppose 37 = 2*q - a*w, 0 = q - 4*w - 0*w - 26. Calculate the greatest common divisor of q and 24.
6
Let z be (-680)/(-6) + 4*2/12. Let j = z + -42. Calculate the highest common divisor of j and 9.
9
Let c(i) = 2*i**2 + 27*i + 4. Let m be c(-14). Let k(f) = f**3 - 5*f**2 + 7*f + 1. Let g be k(5). What is the greatest common factor of m and g?
18
Suppose -9*m + 41 = -67. Calculate the greatest common divisor of m and 204.
12
Let l be -2 + 39 + (-1 - -1). Suppose -3*h - q + 3*q + l = 0, -2*h = -q - 24. What is the highest common divisor of h and 11?
11
Let j be 1/(-3) - 539/(-33). Let w = j + -6. Let r be (4/5)/(1/5). What is the highest common divisor of w and r?
2
Suppose 6*y + 16 = 2*y - 2*p, 4*p = 3*y - 10. Let q be (120/(-14))/(y/14). Calculate the highest common factor of q and 80.
20
Suppose -9 = -2*h + 9. Let k(d) = 3*d**2 - 26*d - 5. Let s be k(h). What is the highest common factor of 6 and s?
2
Suppose -2*t - 20 = 2*m - 0*m, -3*t = 2*m + 25. Let a(p) = -83*p - 8. Let z be a(t). What is the highest common divisor of z and 37?
37
Let j(y) = -7*y - 18. Suppose 36 = -a - 5*a. Let h be j(a). Suppose 0*s + 2*s = h. What is the greatest common factor of s and 36?
12
Suppose -4*m + 331 + 61 = 0. Suppose -w + 27 = -2. Suppose -w = -3*b + 13. What is the highest common factor of m and b?
14
Suppose 2*h = -24 + 168. Suppose w + 5*z = 26, w - 5*z - 10 = -34. Suppose -41 = -5*x - w. What is the greatest common divisor of h and x?
8
Let y(b) = 28*b**3 - 3*b + 4. Let o be y(2). Calculate the greatest common divisor of 481 and o.
37
Suppose -25*r + 2013 = -14*r. What is the highest common divisor of r and 671?
61
Suppose -44*z + 3948 = 780. Calculate the greatest common factor of z and 648.
72
Suppose 5*h - 728 = -5*v - 148, 2*h - 472 = -4*v. Calculate the highest common divisor of v and 120.
120
Suppose 4*x - 2*a + 66 = -0*x, 0 = -2*x - 4*a - 8. Let s be (-2)/(-7) - 220/x. Let i = -154 - -186. What is th